d. What is the greatest common factor of c and g?
7
Let f = -56 - -97. Suppose 109 = -7*x + 326. Let t = f - x. What is the highest common divisor of 15 and t?
5
Let b be (-21)/(-4)*(-2 + -14). Let i = 703 + -606. Let q = i + b. Calculate the highest common factor of q and 91.
13
Let l = -4014 - -4068. Calculate the highest common factor of 2304 and l.
18
Let m = -1917 + 1925. Suppose 4*v = -5*p + 296, -3*v = -1 - 11. What is the greatest common factor of p and m?
8
Let u = 118 - 107. Let j be u/55 + 2718/10. Calculate the highest common divisor of j and 16.
16
Suppose 14 = 5*s - 16. Suppose 2*o - 3*o = -3*o. Suppose -11*q + 481 + 245 = o. What is the highest common factor of s and q?
6
Suppose 0*b + 2*b = 20. Suppose 4*z - 14 = b. Let p(w) = 17*w**2 + 237*w + 40. Let h be p(-14). Calculate the greatest common divisor of z and h.
6
Let a = 1291 - 1211. Calculate the greatest common factor of a and 35.
5
Suppose 3*n + 0*o = 2*o + 407, 164 = n + 5*o. Suppose 5*r + 414 = n. Let b = r + 67. What is the highest common divisor of 132 and b?
12
Let w(y) = y**3 + 10*y**2 + 15*y. Let m = -151 - -156. Suppose 0 = m*d - 25, -3*o + 5*d = 23 + 26. Let l be w(o). What is the highest common factor of l and 2?
2
Let l = 1968 - -5272. Calculate the highest common factor of 120 and l.
40
Let q be (0/(-2))/(-10 - -16). Suppose -2*u + x = -4*u + 116, -2*x - 8 = q. What is the greatest common factor of 160 and u?
20
Suppose 36*p - 24*p = -768. Let b be (-3180)/70 + 4/(-7). Let y = b - p. What is the greatest common factor of y and 45?
9
Let u(g) = 9*g + 9*g**2 + g**2 + 9*g**2 - 4*g**2 - 7 + 2*g**2 + g**3. Let o be u(-7). What is the greatest common divisor of 42 and o?
42
Suppose d - 16 = -3*d - 3*l, -3*d - 2*l = -12. Let i = 17 - d. Suppose -32 = 11*m - i*m. What is the greatest common factor of 4 and m?
4
Let l be -14*(-22)/12*6. Let r be (1 - (2 + 0))*(-41 + 24) - -5. Calculate the greatest common factor of r and l.
22
Suppose 0 = -26*w - 4128 - 266. Let q = 219 + w. What is the highest common divisor of q and 450?
50
Suppose 1515*y - 1527*y + 540 = 0. Calculate the greatest common factor of 531 and y.
9
Let u = 209 + -209. Suppose u = 2*z + 2*a - 8, -2*z + 20 = -4*a. Let n be 49 - -3*(-3)/9. Calculate the greatest common divisor of n and z.
6
Let m(v) = -2*v**2 + 40*v - 112. Let a be m(3). Let o(w) = w**3 + 6*w**2 + 5. Let l be o(-5). Let n = l + a. What is the highest common divisor of 8 and n?
4
Suppose 691*y - 706*y + 3540 = 0. What is the greatest common factor of 12 and y?
4
Let f(o) = 26*o**2 - 3. Let g = -11 - -8. Let i be f(g). Suppose 0 = -567*x - 72*x + 13419. Calculate the highest common factor of i and x.
21
Let m(a) = a**2 + 18*a - 88. Let c be m(-23). Suppose -c = 7*f - 412. Calculate the greatest common factor of f and 110.
55
Let j be -1*8/4 + (36 - 2). Let o = 35 - j. Let z be o*8/(-12) + 4. What is the greatest common divisor of z and 14?
2
Suppose 5*m = 4*p + 2095, 115 + 1119 = 3*m - 7*p. What is the greatest common factor of m and 99?
9
Suppose 0 = -0*g - 5*g + 555. Suppose g = n - 0*n. Suppose i - z = 39, 4*z = 52 - 60. What is the highest common factor of n and i?
37
Let o be 7279714/574 - (0/(-1) - (-12)/(-21)). Calculate the highest common factor of 22 and o.
11
Let g be -1*4*(-63)/4. Let x(m) = m**2 - 274*m - 7116. Let p be x(-24). Calculate the greatest common divisor of g and p.
9
Suppose -3*b + 3*s + 489 = -1383, -2*b = s - 1266. What is the highest common factor of 2070 and b?
90
Suppose -3*u - 5*s = -u - 384, 0 = -2*u - 4*s + 380. Let h = 509 - 494. Suppose h*d - 90 = 120. What is the highest common divisor of u and d?
14
Suppose 579*u - 166392 = 571*u. Calculate the greatest common divisor of 9 and u.
9
Let z = 185 - 181. Suppose -62 = -z*f + f - 2*c, c = -2*f + 41. Calculate the highest common factor of f and 170.
10
Let q be 5/((-5)/49) - -8. Let y = -16 - q. What is the greatest common factor of y and 175?
25
Let i be ((-6)/2 - -2)*-3601. Suppose -103 + i = 33*t. Calculate the greatest common divisor of t and 1166.
106
Suppose 3*z - 5*t = 205, -z - 21 = 2*t - 93. Let i = -4 + 6. Suppose 0 = i*u - 32 - 24. Calculate the highest common divisor of u and z.
14
Let l(s) = 83*s**2 - 2*s - 1. Let o be l(-1). Let g = -34174 + 34230. Calculate the highest common divisor of g and o.
28
Let o be 297/22 + 2/(-4). Suppose o*i = 15*i - 24. Suppose g = -2*z + 11, 3*z - 5*g + 0 + 3 = 0. Calculate the highest common divisor of z and i.
4
Let k = -19 - -11. Let b be 12/3 + -8*(-12)/8. Let f = k + b. What is the greatest common divisor of 56 and f?
8
Let d(i) = 785*i - 878. Let v be d(4). What is the highest common divisor of v and 348?
174
Let j be (0 + 123)*12/18. Let i(u) = -u**3 - 7*u**2 + 2522*u - 454. Let h be i(-54). Calculate the greatest common divisor of j and h.
82
Suppose -262*m = -260*m + 412. Let i = -74 - m. What is the greatest common divisor of i and 352?
44
Let i(f) = -2*f**2 + 101*f - 189. Let d be i(47). Let o be 3 + (24 + 3 - 2). What is the highest common divisor of o and d?
28
Let z(o) = 81*o + 2411. Let i be z(-27). Calculate the greatest common divisor of 1904 and i.
112
Let u(k) = 3*k**2 + 182*k - 195. Let s be u(-62). Calculate the greatest common factor of 265 and s.
53
Let m(p) = -p + 16. Let h be m(9). Let s(c) = -c + 9. Let g be s(h). Suppose 0*t = g*t - 14. Calculate the highest common factor of 1 and t.
1
Suppose -69*w + 72*w + 28 = 2*r, r - 5*w - 21 = 0. Let f be (24/10)/((-9)/(-60)). Suppose -38 + f = -2*o. Calculate the greatest common factor of o and r.
11
Suppose -k - 158 = -3*k. Let i = -22 + k. Let u(l) = 1378*l - 16498. Let q be u(12). What is the greatest common divisor of q and i?
19
Suppose 29*w + 193 = 3586. What is the greatest common divisor of 24 and w?
3
Suppose 16*n = 3090 - 226. What is the highest common divisor of 10561 and n?
179
Let f(j) = 145*j**3 - j**2 - 2*j - 5. Let u be f(2). Suppose 0 = -25*t + 128 + u. What is the highest common factor of 340 and t?
17
Let i = -59 - -53. Let d be ((-48)/(-40))/(i/(-20)). Suppose 4*u + d*u - 168 = 0. What is the highest common factor of u and 21?
21
Let c(n) = 25*n + 249. Let p(d) = -19*d + 485. Let q be p(26). Let b be c(q). What is the highest common divisor of 552 and b?
24
Let k(z) = 55*z**2 - 769*z + 18. Let s be k(14). Calculate the highest common factor of s and 1000.
8
Let n(f) = -30*f - 36. Let l(q) = 3*q + 1. Let m(s) = -l(s) + n(s). Let b be m(-4). Let z = -3 + 22. What is the highest common divisor of z and b?
19
Suppose 45*c = 42*c + 21. Suppose 0 = -4*x + k + 1815, 5*k = c*k - 10. Calculate the greatest common factor of 182 and x.
91
Let i be (1 - (-118)/(-10))/((-54)/135). Let u(k) = k**2 - 22*k + 111. Let j be u(i). What is the highest common factor of 82 and j?
82
Suppose -u = s - 3552 - 6796, 20647 = 2*s - 5*u. Calculate the highest common divisor of s and 27.
27
Suppose -189*g + 162792 = -37*g. Calculate the greatest common factor of 85 and g.
17
Let v be 1/(((-1)/(-61))/1). Suppose -1457*g + 462*g + 995 = 0. What is the greatest common factor of g and v?
1
Let r(n) = -6*n**3 + 82*n**2 + 29*n - 12. Let j be r(14). Let i(u) = 1 - 1 - 3*u + 4*u. Let k be i(j). What is the highest common divisor of k and 5?
1
Suppose -852*v = -868*v + 7568. Let m be (-99)/6*(-4)/3. What is the highest common divisor of m and v?
11
Suppose -3*a + 53 = -5*u, 2*u - 6*u = -5*a + 97. What is the highest common factor of a and 2373?
21
Suppose 162 + 449 = 2*x + 161. Calculate the greatest common divisor of 171 and x.
9
Let v = -2601 - -2614. Suppose -1 = -4*l + 3. Let y be (-27 + l)*(-44)/8. Calculate the highest common divisor of y and v.
13
Let k(y) = 10*y**2 + 4*y + 1. Let g be k(-5). Let m = -369 - -630. Let n = m + -240. What is the greatest common divisor of g and n?
21
Suppose -3*v - 18*v + 105 = 0. Suppose -b - v*q = -10, -b - 2*q = 2*q - 11. What is the greatest common factor of 120 and b?
15
Let i(n) = -9*n**2 - 29*n + 132. Let h(x) = -2*x**2 - x - 1. Let f(w) = -4*h(w) + i(w). Let d be f(-25). Calculate the greatest common factor of d and 85.
17
Let i = 4405 - 4147. What is the highest common factor of 602 and i?
86
Let w(z) = 95*z - 172. Let i be w(2). Calculate the greatest common divisor of i and 1062.
18
Suppose 0 = -11*p + 10*p + 5. Let x